{"id":4659,"date":"2015-11-04T22:01:28","date_gmt":"2015-11-04T22:01:28","guid":{"rendered":"http:\/\/ceogr.edu.pl\/?page_id=4659"},"modified":"2015-11-05T07:52:08","modified_gmt":"2015-11-05T07:52:08","slug":"seminarium-ogrodnicze-2013","status":"publish","type":"page","link":"https:\/\/ceogr.edu.pl\/?page_id=4659","title":{"rendered":"SEMINARIUM OGRODNICZE 2013"},"content":{"rendered":"<p align=\"center\">\n<div class=\"wpcf7 no-js\" id=\"wpcf7-f4633-o1\" lang=\"pl-PL\" dir=\"ltr\">\n<div class=\"screen-reader-response\"><p role=\"status\" aria-live=\"polite\" aria-atomic=\"true\"><\/p> <ul><\/ul><\/div>\n<form action=\"\/index.php?rest_route=%2Fwp%2Fv2%2Fpages%2F4659#wpcf7-f4633-o1\" method=\"post\" class=\"wpcf7-form init\" aria-label=\"Formularz kontaktowy\" novalidate=\"novalidate\" data-status=\"init\">\n<div style=\"display: none;\">\n<input type=\"hidden\" name=\"_wpcf7\" value=\"4633\" \/>\n<input type=\"hidden\" name=\"_wpcf7_version\" value=\"5.7.7\" \/>\n<input type=\"hidden\" name=\"_wpcf7_locale\" value=\"pl_PL\" \/>\n<input type=\"hidden\" name=\"_wpcf7_unit_tag\" value=\"wpcf7-f4633-o1\" \/>\n<input type=\"hidden\" name=\"_wpcf7_container_post\" value=\"0\" \/>\n<input type=\"hidden\" name=\"_wpcf7_posted_data_hash\" value=\"\" \/>\n<\/div>\n<div id=\"top_niebieski\">\n\t<ul>\n\t\t<li>\n\t\t\t<p><a href=\"\/?page_id=4092\" title=\"Strona g\u0142\u00f3wna\">Strona g\u0142\u00f3wna<\/a>\n\t\t\t<\/p>\n\t\t<\/li>\n\t\t<li>\n\t\t\t<p><a href=\"\/?page_id=4081\" title=\"Kwalifikacyjne Kursy Zawodowe\">K K Z<\/a>\n\t\t\t<\/p>\n\t\t<\/li>\n\t\t<li>\n\t\t\t<p><a href=\"\/?page_id=4127\" title=\"Praktyki zawodowe \u2013 oferta\">Praktyki<\/a>\n\t\t\t<\/p>\n\t\t<\/li>\n\t\t<li>\n\t\t\t<p><a href=\"\/?page_id=4647\" title=\"Seminaria\">Seminaria<\/a>\n\t\t\t<\/p>\n\t\t<\/li>\n\t<\/ul>\n<\/div>\n<p><br \/>\n<!--top_niebieski-->\n<\/p><input type='hidden' class='wpcf7-pum' value='{\"closepopup\":false,\"closedelay\":0,\"openpopup\":false,\"openpopup_id\":0}' \/><div class=\"wpcf7-response-output\" aria-hidden=\"true\"><\/div>\n<\/form>\n<\/div>\n<\/p>\n<p align=\"center\"><strong>\u00a0<\/strong>Organizowanego przez\u00a0Centrum\u00a0Edukacji Ogrodniczej w Szczecinie dla ogrodnik\u00f3w \u015brodowiska lokalnego oraz rodzic\u00f3w i uczni\u00f3w zainteresowanych w dniu 18 stycznia 2013 r. w \u015bwietlicy szkolnej.<\/p>\n<p>\u00a0<strong>Program Spotkania:<\/strong> \u00a0<\/p>\n<ul>\n<li>10.00 \u2013 10.30 \u2013 Powitanie;<\/li>\n<li><span style=\"line-height: 1.62em;\">10.30 \u2013 11.30 &#8211; <\/span><strong style=\"line-height: 1.62em;\">Produkcja pod\u0142o\u017cy torfowych i nowo\u015bci firmy LASLAND:<\/strong><span style=\"line-height: 1.62em;\"> Prowadz\u0105cy: W\u0142adys\u0142aw Jakubik &#8211;\u00a0 firma LASLAND;<\/span><\/li>\n<li><span style=\"line-height: 1.62em;\"> 11.30 \u2013 12.30 \u2013 <\/span><strong style=\"line-height: 1.62em;\">Nowo\u015bci w zakresie nawo\u017cenia upraw warzyw w gruncie:<\/strong><span style=\"line-height: 1.62em;\"> Prowadz\u0105cy: Adam Grze\u015bkowiak &#8211; firma ZAK\u0141ADY CHEMICZNE POLICE S.A.<\/span><\/li>\n<li><span style=\"line-height: 1.62em;\"> 12.30 \u2013 13.00 \u2013 Przerwa na kaw\u0119, rozmowy, doradztwo;<\/span><\/li>\n<li><span style=\"line-height: 1.62em;\"> 13.00 \u2013 14.00 \u2013 <\/span><strong style=\"line-height: 1.62em;\">Najnowsze produkty odmian warzyw do uprawy w gruncie i pod os\u0142onami na sezon 2013:<\/strong><span style=\"line-height: 1.62em;\"> Prowadz\u0105cy: Wies\u0142aw Jakubowski &#8211; firma NICKERSON ZWAAN\u00a0\u00a0 Sp. z o. o.<\/span><\/li>\n<li><span style=\"line-height: 1.62em;\"> 14.15 \u2013 15.00 \u2013 <\/span><strong style=\"line-height: 1.62em;\">Produkty BAYER TWOJA DZIA\u0141KA \u2013 nowo\u015bci firmy:<\/strong><span style=\"line-height: 1.62em;\"> Prowadz\u0105ca: Emilia S\u0142awianowska &#8211;\u00a0 firma BAYER Sp\u00f3\u0142ka z o.o. \u00a0<\/span><\/li>\n<\/ul>\n","protected":false},"excerpt":{"rendered":"<p>\u00a0Organizowanego przez\u00a0Centrum\u00a0Edukacji Ogrodniczej w Szczecinie dla ogrodnik\u00f3w \u015brodowiska lokalnego oraz rodzic\u00f3w i uczni\u00f3w zainteresowanych w dniu 18 stycznia 2013 r. w \u015bwietlicy szkolnej. \u00a0Program Spotkania: \u00a0 10.00 \u2013 10.30 \u2013 <a class=\"more-link\" href=\"https:\/\/ceogr.edu.pl\/?page_id=4659\">Czytaj wi\u0119cej&#8230;<\/a><\/p>\n","protected":false},"author":1,"featured_media":0,"parent":0,"menu_order":0,"comment_status":"closed","ping_status":"closed","template":"","meta":[],"acf":[],"aioseo_notices":[],"_links":{"self":[{"href":"https:\/\/ceogr.edu.pl\/index.php?rest_route=\/wp\/v2\/pages\/4659"}],"collection":[{"href":"https:\/\/ceogr.edu.pl\/index.php?rest_route=\/wp\/v2\/pages"}],"about":[{"href":"https:\/\/ceogr.edu.pl\/index.php?rest_route=\/wp\/v2\/types\/page"}],"author":[{"embeddable":true,"href":"https:\/\/ceogr.edu.pl\/index.php?rest_route=\/wp\/v2\/users\/1"}],"replies":[{"embeddable":true,"href":"https:\/\/ceogr.edu.pl\/index.php?rest_route=%2Fwp%2Fv2%2Fcomments&post=4659"}],"version-history":[{"count":4,"href":"https:\/\/ceogr.edu.pl\/index.php?rest_route=\/wp\/v2\/pages\/4659\/revisions"}],"predecessor-version":[{"id":4670,"href":"https:\/\/ceogr.edu.pl\/index.php?rest_route=\/wp\/v2\/pages\/4659\/revisions\/4670"}],"wp:attachment":[{"href":"https:\/\/ceogr.edu.pl\/index.php?rest_route=%2Fwp%2Fv2%2Fmedia&parent=4659"}],"curies":[{"name":"wp","href":"https:\/\/api.w.org\/{rel}","templated":true}]}}