{"id":4647,"date":"2015-11-04T21:51:39","date_gmt":"2015-11-04T21:51:39","guid":{"rendered":"http:\/\/ceogr.edu.pl\/?page_id=4647"},"modified":"2016-01-20T06:56:12","modified_gmt":"2016-01-20T06:56:12","slug":"seminaria","status":"publish","type":"page","link":"https:\/\/ceogr.edu.pl\/?page_id=4647","title":{"rendered":"Seminaria"},"content":{"rendered":"\n<div class=\"wpcf7 no-js\" id=\"wpcf7-f4633-o1\" lang=\"pl-PL\" dir=\"ltr\">\n<div class=\"screen-reader-response\"><p role=\"status\" aria-live=\"polite\" aria-atomic=\"true\"><\/p> <ul><\/ul><\/div>\n<form action=\"\/index.php?rest_route=%2Fwp%2Fv2%2Fpages%2F4647#wpcf7-f4633-o1\" method=\"post\" class=\"wpcf7-form init\" aria-label=\"Formularz kontaktowy\" novalidate=\"novalidate\" data-status=\"init\">\n<div style=\"display: none;\">\n<input type=\"hidden\" name=\"_wpcf7\" value=\"4633\" \/>\n<input type=\"hidden\" name=\"_wpcf7_version\" value=\"5.7.7\" \/>\n<input type=\"hidden\" name=\"_wpcf7_locale\" value=\"pl_PL\" \/>\n<input type=\"hidden\" name=\"_wpcf7_unit_tag\" value=\"wpcf7-f4633-o1\" \/>\n<input type=\"hidden\" name=\"_wpcf7_container_post\" value=\"0\" \/>\n<input type=\"hidden\" name=\"_wpcf7_posted_data_hash\" value=\"\" \/>\n<\/div>\n<div id=\"top_niebieski\">\n\t<ul>\n\t\t<li>\n\t\t\t<p><a href=\"\/?page_id=4092\" title=\"Strona g\u0142\u00f3wna\">Strona g\u0142\u00f3wna<\/a>\n\t\t\t<\/p>\n\t\t<\/li>\n\t\t<li>\n\t\t\t<p><a href=\"\/?page_id=4081\" title=\"Kwalifikacyjne Kursy Zawodowe\">K K Z<\/a>\n\t\t\t<\/p>\n\t\t<\/li>\n\t\t<li>\n\t\t\t<p><a href=\"\/?page_id=4127\" title=\"Praktyki zawodowe \u2013 oferta\">Praktyki<\/a>\n\t\t\t<\/p>\n\t\t<\/li>\n\t\t<li>\n\t\t\t<p><a href=\"\/?page_id=4647\" title=\"Seminaria\">Seminaria<\/a>\n\t\t\t<\/p>\n\t\t<\/li>\n\t<\/ul>\n<\/div>\n<p><br \/>\n<!--top_niebieski-->\n<\/p><input type='hidden' class='wpcf7-pum' value='{\"closepopup\":false,\"closedelay\":0,\"openpopup\":false,\"openpopup_id\":0}' \/><div class=\"wpcf7-response-output\" aria-hidden=\"true\"><\/div>\n<\/form>\n<\/div>\n\n<p>Seminaria zrealizowane:<\/p>\n<p><span style=\"color: #ff0000;\"><strong>06.02.2015 r.<\/strong><\/span> &#8211; &#8221; Nowo\u015bci w produkcji warzyw &#8221; &#8230;&#8230; <a title=\"SEMINARIUM OGRODNICZE 2013\" href=\"\/?page_id=5270\">wi\u0119cej.<\/a><\/p>\n<p><span style=\"color: #ff0000;\"><strong>18.01.2013 r.<\/strong><\/span> &#8211; &#8221; Nowo\u015bci w produkcji ogrodniczej &#8221; &#8230;&#8230; <a title=\"SEMINARIUM OGRODNICZE 2013\" href=\"\/?page_id=4659\">wi\u0119cej.<\/a><\/p>\n<p><strong><span style=\"color: #ff0000;\">10.02.2012 r.<\/span><\/strong> &#8211; &#8221; Tajniki nowo\u015bci ogrodniczych &#8221; &#8230;&#8230; <a href=\"\/?page_id=4655\">wi\u0119cej<\/a>.<\/p>\n<p><span style=\"color: #ff0000;\"><strong>11.02.2011 r.<\/strong> <\/span>&#8211; &#8221; Nowe\u00a0 w produkcji &#8221; &#8230;&#8230;\u00a0 <a href=\"\/?page_id=4652\">wi\u0119cej.<\/a><\/p>\n","protected":false},"excerpt":{"rendered":"<p>Seminaria zrealizowane: 06.02.2015 r. &#8211; &#8221; Nowo\u015bci w produkcji warzyw &#8221; &#8230;&#8230; wi\u0119cej. 18.01.2013 r. &#8211; &#8221; Nowo\u015bci w produkcji ogrodniczej &#8221; &#8230;&#8230; wi\u0119cej. 10.02.2012 r. &#8211; &#8221; Tajniki nowo\u015bci <a class=\"more-link\" href=\"https:\/\/ceogr.edu.pl\/?page_id=4647\">Czytaj wi\u0119cej&#8230;<\/a><\/p>\n","protected":false},"author":1,"featured_media":0,"parent":0,"menu_order":0,"comment_status":"closed","ping_status":"closed","template":"","meta":[],"acf":[],"aioseo_notices":[],"_links":{"self":[{"href":"https:\/\/ceogr.edu.pl\/index.php?rest_route=\/wp\/v2\/pages\/4647"}],"collection":[{"href":"https:\/\/ceogr.edu.pl\/index.php?rest_route=\/wp\/v2\/pages"}],"about":[{"href":"https:\/\/ceogr.edu.pl\/index.php?rest_route=\/wp\/v2\/types\/page"}],"author":[{"embeddable":true,"href":"https:\/\/ceogr.edu.pl\/index.php?rest_route=\/wp\/v2\/users\/1"}],"replies":[{"embeddable":true,"href":"https:\/\/ceogr.edu.pl\/index.php?rest_route=%2Fwp%2Fv2%2Fcomments&post=4647"}],"version-history":[{"count":11,"href":"https:\/\/ceogr.edu.pl\/index.php?rest_route=\/wp\/v2\/pages\/4647\/revisions"}],"predecessor-version":[{"id":5275,"href":"https:\/\/ceogr.edu.pl\/index.php?rest_route=\/wp\/v2\/pages\/4647\/revisions\/5275"}],"wp:attachment":[{"href":"https:\/\/ceogr.edu.pl\/index.php?rest_route=%2Fwp%2Fv2%2Fmedia&parent=4647"}],"curies":[{"name":"wp","href":"https:\/\/api.w.org\/{rel}","templated":true}]}}